ppose 5*r + 7 + 3 = 0. Let u(y) = 2*y**2 + 3*y + 3. Let n be u(r). Let x = 11 - n. What is the units digit of x?
6
Suppose -348 = -3*g + 3*q, -2*g + 2*q - 107 = -3*g. What is the hundreds digit of g?
1
Suppose 0 = 3*p - 169 + 28. What is the units digit of p?
7
Suppose -5*i - 3*d - 36 - 29 = 0, 3*d - 5 = 2*i. What is the tens digit of (66/i)/((-2)/10)?
3
Let y(h) be the second derivative of -h**5/20 + h**4/2 - h**3/2 + h. Let m be y(5). What is the units digit of (8/(-10))/((-2)/m)?
4
Let l be 58/(-10) + (-1)/5. Let f = -2 - l. Suppose 3*m + f*q = 23, 6*q - q = m + 24. What is the units digit of m?
1
Let i(m) = -m**3 - 3*m**2. Let d be i(-3). What is the units digit of (-2)/(-1) + d + 6?
8
Let d(f) = 6*f - 5. Let u(y) = -5*y + 4. Let p(b) = 6*d(b) + 7*u(b). What is the units digit of p(9)?
7
What is the tens digit of 354 - 4/(3 - 7)?
5
Let g(k) = -k**3 + 7*k**2 - 7*k - 1. What is the tens digit of g(5)?
1
Suppose -4*p + 22 = 6. Let f = p - 10. What is the units digit of 2/(8/f)*-6?
9
Let d = 4 + -2. Suppose -2*u - u - 12 = -3*t, -d*t - 4*u + 38 = 0. Suppose 4*k - 11 = t. What is the units digit of k?
5
Let z(q) be the second derivative of q**3/6 + 6*q**2 + 2*q. What is the units digit of z(-9)?
3
Suppose -3*v = -4*g - 0 - 12, -2*v - g + 8 = 0. Suppose -5*z + v*z + 19 = 0. What is the tens digit of z?
1
Let v(p) = -10*p**2 - 4*p + 3. Let w(r) = 9*r**2 + 4*r - 2. Let t(q) = 6*v(q) + 7*w(q). What is the units digit of t(-3)?
9
Let s = 8 - 3. What is the units digit of s?
5
Let n(z) be the first derivative of z**3/3 - 3*z**2 + 6*z - 1. What is the units digit of n(5)?
1
Let h(g) = -2*g + 56. What is the units digit of h(-33)?
2
Suppose 28 = 2*n - 36. What is the tens digit of n?
3
Suppose -u + 31 = -29. Suppose 2*v = -4*k + u, -2*k = 2*k + v - 58. What is the tens digit of k?
1
Let w be 1/1*(-1)/(-1). Suppose -g - 2*g - 17 = -2*s, -g = w. Suppose -2*r + 3*r = s. What is the units digit of r?
7
Let o be (-10)/3*(-3 + -90). Suppose -x + 6*x - o = 4*b, -x + 398 = -5*b. What is the units digit of (-1)/(b/26 + 3)?
3
Let b(u) = -u**2 + 2. Let g be b(0). Let h = 3 + -2. Suppose j = 2*l - 6, -g*j + 3 = -h. What is the units digit of l?
4
Suppose -4*n = -9*n - v, 0 = -5*v - 25. Let z(k) = 0*k + 3*k - n - k. What is the units digit of z(4)?
7
Suppose 5*z + 22 = -3, -4*z = -5*w + 375. What is the tens digit of w?
7
Suppose -5*u + 8*u = 0. Suppose u*g - g = -5*z + 161, -3*z = -2*g - 98. What is the units digit of z?
2
Let z be (-48)/20*20/6. Let d = z + 26. Let k = -10 + d. What is the units digit of k?
8
Let i(d) be the second derivative of 1/12*d**4 - 3*d + 0 - 1/2*d**2 + 2/3*d**3. What is the tens digit of i(-6)?
1
What is the units digit of (-5)/15*-6 + 7?
9
Let q(a) = a**2 + 7*a + 2. Let z be q(-7). Suppose -6*c = -z*c + 20. Let n = c + 9. What is the units digit of n?
4
Let g = -6 + 8. What is the units digit of (g/4)/(3/6)?
1
Let t(u) = u**2 - 4*u. Let s be t(6). Let z be -1 + 2 + 4*1. Suppose 3*n - z*r + 6 - 38 = 0, -2*n + s = -r. What is the units digit of n?
4
Let a be 1/1*4 + 0. Let r(l) = -l**3 + 9*l**2 - 7*l - 3. Let w be r(8). Suppose w*f - f = a. What is the units digit of f?
1
Let n(l) = 4*l**3 + l**2 + l - 1. What is the units digit of n(1)?
5
Let i(m) = m**3 - 4*m**2 + 5*m - 2. Suppose 3*c - 4 = 5*d, -2*c = -0*d - 4*d - 2. Let j be i(c). Suppose -j*l - 3 = -7. What is the units digit of l?
1
Let w be ((-6)/4)/((-27)/(-90)). Let u = w - -22. What is the tens digit of u?
1
Suppose 0 = 4*q - 8, -5*s + 419 = 2*q - 5*q. What is the units digit of s?
5
Let s(t) = 44*t**2 - 3*t + 1. Let w be s(2). Suppose -w + 39 = -3*l. What is the units digit of l?
4
Let j = 7 + -2. Suppose -j*c = d - 49, 9*d - 4*d = -3*c + 25. Suppose c = s + r, 0 = -2*s + 2*r + r. What is the units digit of s?
6
Let l(o) be the second derivative of -o**4/12 + 2*o**3 - 4*o**2 + 2*o. Let w be l(9). Suppose -22 = -3*p - g, -g - g = -3*p + w. What is the units digit of p?
7
Suppose -3*m + 2*q + 46 = 6*q, 113 = 4*m - 5*q. Suppose a = -5*w + 68, -w + m = -2*a + 5*a. What is the units digit of w?
3
Suppose -30 = -2*y + 4*t, 2*y - y - 3*t = 11. What is the tens digit of y?
2
Let l(d) = -d**3 - 4*d**2 - 5*d - 3. Let t be l(-3). Suppose -t*y = y - 108. What is the units digit of y?
7
Suppose 3*l = 4*l - 304. What is the hundreds digit of l?
3
Let i = -6 + 13. Suppose 2*c = 5 + i. What is the units digit of c?
6
Let l(n) = n**3 - 5*n**2 + 2*n - 5. Let q be l(5). Let a = -3 + q. What is the units digit of a?
2
Let d(s) = -3*s - 7. Suppose 0 = 4*b, 7*i - 2*i + 3*b + 40 = 0. What is the tens digit of d(i)?
1
Let r be 2/(3 - 1) - -5. Suppose r*s = 3*s + 6. What is the units digit of s?
2
Suppose -v + 0*v = -3. Let m(f) = 1 - f**v + 1 + 4 + f - 5*f**2. What is the units digit of m(-5)?
1
Let h(b) = b**3 + 8*b**2 - b. Suppose g + 16 = -g. Let c be h(g). Suppose -2*x = -4*x + c. What is the units digit of x?
4
Suppose -3*p + 20 + 109 = 0. Suppose 4*b + p = n, 0*n = -n + b + 37. What is the units digit of n?
5
Suppose -d - 5*l = 2*d - 178, -2*l = -5*d + 338. What is the tens digit of d?
6
Let i be 6/(-9) - (-2)/3. Suppose i = 5*c - c - 60. What is the units digit of c?
5
Let s be ((-5)/3)/((-2)/6). Let t = s - -1. What is the units digit of t?
6
Suppose 2*b = 23 + 37. What is the tens digit of b?
3
Let n be ((-2)/(-4))/(3/24). Suppose l + n*l - 5*j = 15, 0 = 5*l + 3*j - 23. Suppose 43 = l*g - 2*y - 3, 4*g - y = 43. What is the units digit of g?
0
Suppose 0 = -3*k + 7*k - 4*b - 12, -k - 4*b = -13. Suppose -5*u = -10, -k*u - 43 = -s - 6*u. What is the tens digit of s?
4
Suppose 2 = -2*g - 2. Suppose -50 = -4*j + 34. What is the units digit of j/6 - 1/g?
4
Let y be (-9)/(-27)*(-24)/(-2). Suppose -4*h - 8 = -5*a + 44, 4*a = y*h + 40. What is the tens digit of a?
1
Suppose 4*a - n = 24, -a - 2*n = -3*a + 18. Suppose -a*z + 4 + 31 = 0. Suppose -z = g - 23. What is the units digit of g?
6
Let r(z) = -z**3 + 9*z**2 + 2*z - 8. Let v(w) = w**2 - 5*w - 5. Let m be v(7). What is the units digit of r(m)?
0
Let n(r) = -2*r + 1. Let j(h) = 2*h + 4. Let d be j(-5). Let k be (-8)/(-3)*d/4. What is the units digit of n(k)?
9
Suppose 0 = -4*q - 8 + 44. Suppose -43 - q = -4*j. What is the tens digit of j?
1
Suppose -36 = -2*h - 5*j, 2*h - 3*h - j = -24. Suppose -2*r + 41 = -3*l - h, 3*l = 5*r - 159. Suppose -x + r = 4*x. What is the units digit of x?
6
Suppose -3*q + 529 = -305. What is the hundreds digit of q?
2
Let f(d) = -16*d**3 - 2*d**2 + d + 2. What is the units digit of f(-1)?
5
Let h = 11 + -9. Suppose -n = n - 20. Suppose n = 4*x - c, x + c = -h*c - 4. What is the units digit of x?
2
Suppose 0 = 5*g + 4*m + 6, g = -2*g + 2*m + 14. Let w be 5 + (2 + 0 - g). Suppose -w*c = -0*c - 30. What is the units digit of c?
6
Suppose 0 = -7*t + 4*t. Let z(s) = -s + 5. Let u be z(t). Suppose 0 = -b + u + 4. What is the units digit of b?
9
Suppose u + 0*u + 2*a - 47 = 0, 3*a = 5*u - 248. What is the tens digit of u?
4
Suppose 0 = -y + 14 - 4. Suppose 0 = -2*b - 0*b + y. What is the units digit of b?
5
Let m be 4/6 - (-8)/(-3). What is the tens digit of 136/(-12)*3/m?
1
Let g be -2 - (-2 + 1 - -8). Let l(v) = v**3 + 9*v**2 - v + 2. Let w be l(g). Let k = w - 5. What is the units digit of k?
6
Suppose 101 - 10 = h. What is the units digit of h?
1
Let b(q) be the first derivative of 7*q**2/2 + 2. Suppose s + 3*s = -5*r - 16, 5*s - r = 9. What is the units digit of b(s)?
7
What is the tens digit of 59 - ((2 - -5) + -3)?
5
Suppose -2*f = 3*q + 31, -4*q = -0*f - 4*f + 8. What is the units digit of 4/(-14) - 149/q?
1
Let y be (-2 - -4)/(-2) + -5. Let a = y - -13. Let s = -3 + a. What is the units digit of s?
4
Suppose 0 = 7*a - 2*a + 4*f - 15, 4*f = 0. Let g(l) = l**2 - 4. What is the units digit of g(a)?
5
Let d(b) = b**3 + 9*b**2 + b + 7. Let z be d(-9). Let v = 10 + z. What is the units digit of v?
8
Let n be 15/6 + 1/(-2). Let s be (n + (-10)/3)*-3. Suppose -5*m - 4*k - 8 + 3 = 0, s*k + 29 = 3*m. What is the units digit of m?
3
Let l be -1*(-2 + -1*5). Let q = l + -6. Suppose -3*c + 5*x + 4 = -q, 0 = -c - 4*x + 13. What is the units digit of c?
5
Let z(k) = k**3 - 7*k**2 + 7*k. Suppose 0 = j - 6 - 0. What is the units digit of z(j)?
6
Let k(y) = -y**2 - 9*y + 13. Let a be 9/3 - (-1 + 13). What is the tens digit of k(a)?